ded by 12.
9
Suppose -f + 85 = -5. Suppose a = d + 30, -3*a + 0*d + 2*d + f = 0. Calculate the remainder when 55 is divided by a.
25
Let n(w) = -w - 2. Let m be n(-4). Suppose 0 = m*b - 12 + 8. What is the remainder when 8 - (1 - (-2 - -1)) is divided by b?
0
What is the remainder when (-117)/(-2) + (-1)/2 - 3 is divided by 50?
5
Calculate the remainder when 3 is divided by (-69)/(-92) - -5*2/8.
1
Suppose -17*x = -15*x. Suppose -4 = -j - x*n - 2*n, -25 = -4*j - 5*n. Calculate the remainder when 26 is divided by j.
6
Let p(o) = o**2 + 10*o - 11. Let j be p(-11). Let b(u) = u**2 + u + 12. What is the remainder when 34 is divided by b(j)?
10
Suppose -2*a = -5*l + 133, 4*a + 104 = -2*l + 6*l. What is the remainder when l is divided by 2?
1
Let s(f) = f**3 + 23*f**2 - 27*f - 6. Calculate the remainder when s(-24) is divided by 15.
6
Let i be 0*(3 + (-7)/2). Suppose l - t = -5*t + 2, i = -5*l + 3*t + 79. What is the remainder when 54 is divided by l?
12
Suppose 5*c - 238 = -g, 0 = -2*g + 3*c + 117 + 294. Calculate the remainder when g is divided by 27.
24
Let h = 11 - -12. Calculate the remainder when 105 is divided by h.
13
Suppose -2*z = 0, -5*z + 0*z + 475 = -k. What is the remainder when 151 is divided by -1*k/(-10)*8/(-10)?
37
Let j = -8 + 8. Let k be (0 - (0 - j))/(-2). Suppose -4*b + u = -k*u - 132, -b + 2*u = -26. What is the remainder when b is divided by 9?
7
Let p = -2539 + 2543. Let y(r) = 2*r**2 + 2*r**3 - 3*r**3 - r + 1 - r**2. What is the remainder when y(-2) is divided by p?
3
Suppose -5*j - 10 = 0, 34 = 5*m - j - 43. Calculate the remainder when m is divided by 6.
3
Suppose 9 = 3*d, 2*d - 506 = -11*m + 6*m. What is the remainder when m is divided by 45?
10
Suppose 4*n - 93 = -17. Let i = 1110 + -470. Calculate the remainder when n is divided by 6/10 - i/(-100).
5
Suppose -7*f + 202 = -253. Suppose 2*m + 19 = 85. What is the remainder when f is divided by m?
32
Suppose -c - z = c - 22, -4*z + 40 = 4*c. Let m = -141 + 271. What is the remainder when m is divided by c?
10
Let l(z) = 13*z**3 - z**2 + z - 1. Calculate the remainder when 416 is divided by l(1).
8
Suppose -5*r = -16 + 1. Let n be r + 30 + 4 + -1. Suppose -3*d + 108 = -n. What is the remainder when d is divided by 25?
23
Let j(z) = -z**3 + 7*z**2 - 6*z + 8. Suppose -60 = -2*a - 8*a. Calculate the remainder when 59 is divided by j(a).
3
Suppose -2*j - 47 = -3*r, 0*j = 4*j + 4. Let m = 3 - -54. Calculate the remainder when m is divided by r.
12
Calculate the remainder when 56 is divided by (-32 + 37)/(10/8).
0
Calculate the remainder when 141 is divided by 33 + (0 - 1) + 5.
30
Let j = 254 - 242. What is the remainder when j is divided by 3?
0
Suppose -3*c = -0*c - 189. Let s = 130 + 465. Calculate the remainder when c is divided by (-6)/(-33) - s/(-55).
8
Let o = -131 - -137. What is the remainder when 65 is divided by o?
5
Suppose 4*f - 4 = -2*k, 2*k = 2 + 2. Let z be f + 0 - 120/(-4). Suppose 2*o = -3*o + z. Calculate the remainder when 15 is divided by o.
3
Suppose 3*n - 4*a + 20 = 154, -86 = -2*n + 2*a. What is the remainder when 177 is divided by n?
25
Let k(f) = 705*f + 4285. Let a(x) = 27*x**3 + x + 1. Calculate the remainder when a(2) is divided by k(-6).
54
Suppose 0 = -x - 4*s + 203, 8*x + 3*s = 5*x + 654. What is the remainder when x is divided by 47?
35
Suppose -23*c - 4928 = -16129. What is the remainder when c is divided by 10?
7
Let j = 70 - 69. Let c(w) = 33*w - 2. Calculate the remainder when 121 is divided by c(j).
28
Suppose b + 4*s - 39 = 0, 3*b - 4*s - 55 - 142 = 0. Let r = b - 54. Suppose 0 = 5*c - 123 + 33. Calculate the remainder when c is divided by r.
3
Let d(k) be the second derivative of k**5/20 + 7*k**4/12 + k**3 + 4*k. Let f be d(-4). Suppose 3*w - 39 - f = 0. Calculate the remainder when w is divided by 6.
3
Let s(u) = -6*u + 1. Suppose 6 + 4 = -5*j. What is the remainder when 49 is divided by s(j)?
10
Suppose 3*a + 45 = 2*o, -o + 4*a + 22 = -8. Suppose 0 = j - 8 - o. Calculate the remainder when j is divided by 16.
10
Let m = -495 - -498. Calculate the remainder when 1/(-2) + (-28)/(-8) is divided by m.
0
Suppose -144 + 1288 = 8*o. Let w be 0/(-1) - (-1 + -46). Suppose o = 5*x - w. Calculate the remainder when x is divided by 13.
12
Let f be 6/8*8/(-1). Let r(a) = 5*a - 2. Let i(c) = 15*c - 5. Let q(u) = 2*i(u) - 7*r(u). What is the remainder when q(f) is divided by 12?
10
Let w(x) = -x - 10. Let o be w(5). Let n = o + 20. Suppose 5*s - n = -4*z, 3*s + 2*z + 25 = 6*s. Calculate the remainder when s is divided by 4.
1
Suppose 70 = 7*p - 2*p. Suppose p*x - 76 = 10*x. Let g = -8 - -13. Calculate the remainder when x is divided by g.
4
Suppose r - 5*r = 72. Let g = r - -21. Suppose 8 = g*q + 2. What is the remainder when 7 is divided by q?
1
Suppose -6 - 6 = -4*q. Suppose 6*a - q*a = 93. Suppose -4*i = -3*w - 493, 3*i - 2*w - 366 = 3. Calculate the remainder when i is divided by a.
28
Let u = -2 - -2. Let g(f) = 5*f - 4. Let d be g(4). Suppose 4*x - 26 = 2*z, u*x + d = 2*x - 4*z. Calculate the remainder when 7 is divided by x.
1
Suppose 3*m - 6 = -0*m, 0 = -3*x - 3*m + 90. Let i(c) = c**2 - 2*c + 7. Suppose 0 = 5*n - 22 + 2. What is the remainder when x is divided by i(n)?
13
Let x be 2/11 + 2/(-11). Suppose -c = -x*c. What is the remainder when (c - 3) + (-1 - -32) is divided by 10?
8
What is the remainder when 530 is divided by 114/(-4)*(-72)/54?
36
Suppose g - 16 = -4*r, 3*g - 25 = -4*r - 1. Let v be ((-2)/r)/((-4)/24). What is the remainder when 27 is divided by (-2)/((32/(-60))/v)?
12
Suppose 21 = -b + 5*i, -3*i + 67 = -2*b - 2*b. Let y = -6 - b. Let q = y + -6. What is the remainder when 14 is divided by q?
2
Let n(m) = 5*m**2 - 10. Let p be n(-3). Let i = p - 15. Suppose -17 = 2*c - 91. Calculate the remainder when c is divided by i.
17
Let n(s) = s**3 - 2*s**2 - 2*s + 38. Let u(i) = -i**3 - 8*i**2 + 21*i + 10. Let l be u(-10). Calculate the remainder when 188 is divided by n(l).
36
Let q = 11 + -4. Let b(k) = -2*k + 3 + 3*k - 8 + k. What is the remainder when 35 is divided by b(q)?
8
Suppose -f - 15 = -20. Let q be (0 - (-10)/f) + -2. Suppose 0 = 2*k + o - 4, k - 3*o = -q*k + 2. What is the remainder when 2 is divided by k?
0
Let i = -8 - -11. Suppose 2*p = i*p + 4*f - 36, -2*p + 17 = -3*f. What is the remainder when (-124)/5*25/(-10) is divided by p?
14
Let y = 1462 + -1396. What is the remainder when y is divided by 2?
0
Let n = 212 - 158. What is the remainder when n is divided by 18?
0
Suppose -28 = -l - 31. Let r(n) = -2*n**3 - 6*n**2 - 7*n + 1. Calculate the remainder when 107 is divided by r(l).
19
Let u(k) = 10*k**2 + 42*k - 2. What is the remainder when 529 is divided by u(-5)?
35
Let r(m) be the first derivative of -m**4/4 - 10*m**3/3 - 13*m**2/2 - 6*m + 50. Calculate the remainder when 57 is divided by r(-9).
27
Let h(i) = -37*i - 11. Calculate the remainder when h(-6) is divided by 18.
13
Suppose -4*p + 20 = -0*p. Suppose 3*s - 5*s = p*y - 46, -y = -3*s + 1. Let d(h) = -4*h - 9. What is the remainder when d(-10) is divided by y?
7
Suppose -2*u + n + 45 = 6*n, 3*u - 72 = -3*n. Suppose 61 = 5*l + 4*x, -4*l + 44 = -5*x - 13. What is the remainder when u is divided by l?
12
Suppose 4*t + 0 = -5*l + 42, -5*t = 2*l - 27. Suppose -l*f + 6 + 36 = 0. Calculate the remainder when 54 is divided by f.
5
Let c = 20 - 21. Calculate the remainder when 14 is divided by (-7 - -8)/(24/22 + c).
3
Let l be (-1 - -1) + -2 + 650/5. Suppose -3*h = -l - 106. Calculate the remainder when h is divided by 20.
18
Let s be (-3)/2*(92/(-6) - -2). Suppose -2*v - 2*v = 3*b - s, -2*v + 22 = 3*b. What is the remainder when 55 is divided by b?
7
Let y(o) = 126*o**3 - o**2 - o + 3. Let g be ((-170)/25 + 7)/(1/5). What is the remainder when y(g) is divided by 43?
41
Suppose 34 = -11*g + 8 + 136. Let b = 42 + -3. What is the remainder when b is divided by g?
9
Let j be 4/5 + (-4)/5. Suppose -3*o + 2 = 3*d - 4, j = -5*d - 5. Let t(g) = 2*g - 1. Calculate the remainder when t(6) is divided by o.
2
Suppose 30 = i - 3*i. Let o = -13 - i. Suppose 3*v + 5*b - 18 = 0, b = o*v + 2*b - 19. What is the remainder when v is divided by 5?
1
Suppose -1 = -4*n + 19. Suppose -n*t + 86 = -69. Calculate the remainder when 91 is divided by t.
29
Suppose 0 = -2*v + 7*v - 15. Calcu